(m) = m**2 - 16. Let h be w(z). What is the highest common divisor of 6 and h?
6
Let h = 89 - 64. Suppose 0 = t + 4*t - h. What is the highest common factor of 20 and t?
5
Suppose 43 - 53 = -5*t. Calculate the highest common factor of t and 3.
1
Let z(c) = c**3 - 2*c**2 + 7*c - 5. Let f be z(4). Suppose 3*q - 65 = -5*w, -3*w = -4*q + 80 + f. What is the highest common factor of q and 30?
30
Suppose 4*g - 4*z = -g + 8, 26 = 5*g + 2*z. Let r = -80 + 116. Calculate the highest common factor of r and g.
4
Let h = 45 - 78. Let r be 4/(-14) + (-1241)/(-7). Let i = r + h. Calculate the highest common divisor of i and 16.
16
Let u = -50 + 83. What is the highest common divisor of 3 and u?
3
Let g be (-6 - -4) + 21 + -2. Calculate the greatest common factor of g and 17.
17
Let v = 118 - 66. Let g(b) = -b**2 - 4*b - 1. Let w be g(-3). Suppose 0*j = -w*j + v. Calculate the highest common factor of j and 65.
13
Let b be (-133)/(-3) - 16/(-24). Suppose 5*a + y = 131 + 15, 3*y - 78 = -3*a. What is the highest common divisor of b and a?
15
Suppose -629 - 427 = -8*v. Let q be 1*9*(-12)/(-9). Calculate the highest common divisor of q and v.
12
Let v = 2 - -6. Suppose 7*u = 5*u + 64. Calculate the highest common factor of v and u.
8
Let t = 35 - -5. What is the highest common factor of t and 16?
8
Suppose t - 26 = 3*v, 0*t - 3*v = -4*t + 95. What is the greatest common factor of t and 161?
23
Let r be 1/(-1) + 12/(6 - 0). Calculate the greatest common factor of r and 11.
1
Let p = 30 + -4. Suppose 5*u + 5*a = 70, 2*u - 2*a = -3*a + p. Suppose q + 0*s - 2 = -2*s, q - 3*s - u = 0. What is the greatest common factor of 2 and q?
2
Let h = -13 - -27. What is the highest common divisor of 2 and h?
2
Let p(q) = -q**2 - q + 8. Let g be p(2). Calculate the greatest common divisor of 18 and g.
2
Let f(n) = n**2 + 2*n - 4. Let v be f(3). What is the greatest common factor of 88 and v?
11
Let r(b) = b**3 + 16*b**2 + 19*b - 9. Let m be r(-14). What is the highest common factor of m and 13?
13
Suppose 0 = -5*f + b + 2*b + 11, -3*f + 5 = -b. Let s = 309 + -308. Calculate the greatest common divisor of s and f.
1
Let s(h) = -2 + 1 - 5*h - 6*h. Let q be s(2). Let v = q - -32. Calculate the highest common divisor of 3 and v.
3
Let n = -2 - 5. Let g = 4 + n. Let s(i) = 4*i**2 + 2*i + 3. Let v be s(g). Calculate the greatest common factor of 11 and v.
11
Let i be 2/10 + 1*(-479)/(-5). What is the greatest common factor of i and 12?
12
Suppose 4*h - 356 = -t, 0 = -h - 2*t - t + 78. Calculate the greatest common factor of 10 and h.
10
Suppose 4*i = 4*l + 48, -4*i = 2*l - 3*i + 12. Let a be l/(-2) + 0 + 1. What is the greatest common factor of 5 and a?
5
Let f = -10 + 20. What is the highest common factor of 80 and f?
10
Suppose 0 = -3*g + 78 + 210. Calculate the greatest common factor of 12 and g.
12
Suppose z - 12 = -4. Suppose -4*w + z = -4. Suppose s - 6*s - 3*y + 65 = 0, w*s = -4*y + 28. Calculate the greatest common factor of s and 2.
2
Suppose -4*w + 38 = 14. Let u be w/2*(-4)/(-3). Suppose 0*a = -u*j - 4*a + 60, -4*j + 36 = -2*a. What is the highest common factor of 1 and j?
1
Suppose -5*d + 50 = -5*v, d + 3*d - 20 = 0. Let a = v + 3. Let s be a/2 + (-24)/(-2). What is the greatest common factor of 121 and s?
11
Let a(n) = -n**3 + 7*n**2 + 16*n - 24. Let d be a(8). Suppose 4*g = x - 22, 43 = 4*x - 2*g - 3. What is the highest common divisor of d and x?
10
Let k be (-3)/3 + 2 - -893. Suppose 5*m - 4*j - k = 0, -3*m - j = 60 - 593. Let p be (-2)/(-7) + m/14. What is the greatest common factor of p and 117?
13
Let i be 60/2*4/5. What is the highest common divisor of i and 6?
6
Let a = 181 - 157. Calculate the greatest common divisor of a and 3.
3
Let c = -15 + 21. Let z = 74 + c. Calculate the greatest common divisor of z and 10.
10
Let z be (-3 + 0)*2/(-3). Suppose -l = 2*k - 14, 0 = -4*l - 5*k + 20 + 30. Calculate the highest common divisor of l and z.
2
Let u = 25 + 40. Calculate the greatest common factor of u and 26.
13
Let z be -6*((-1)/(-2))/(-1). Suppose -3*o + 6*o = 9. Suppose -3*r + 15 = -o*x, -13 = -3*r - 4*x + 30. What is the greatest common factor of z and r?
3
Let l(h) = -6*h - 1. Let z be l(-2). Let r = -16 + 115. What is the highest common factor of r and z?
11
Let k = -133 + 193. Calculate the greatest common factor of k and 40.
20
Suppose 0 = 4*z + m - 199, -3*z + 202 = z - 2*m. What is the greatest common factor of 10 and z?
10
Let t(d) = -d**2 - 4*d - 3. Let z be t(-2). Suppose 0*k - 2 = 2*k, 2*k = 4*u - 22. Calculate the greatest common divisor of u and z.
1
Suppose 5*d + 88 - 398 = 0. Calculate the greatest common divisor of 93 and d.
31
Suppose x + 48 = j - 13, -3*x = 5*j + 151. Let c(a) = a**3 - 6*a**2 + 11*a - 6. Let s be c(7). Let y = s + x. What is the highest common divisor of y and 7?
7
Suppose -2 = w - 5, -5*l + 452 = 4*w. What is the highest common divisor of l and 11?
11
Let h(i) = i**2 - 5*i - 5. Let w be h(6). Let n be (-10 + 7)/(-1*w). Let j be (-9)/(-2)*(-6)/(-9). What is the highest common divisor of j and n?
3
Suppose 4*p + 4 = 0, 4*g - 5*p = 83 + 62. What is the greatest common divisor of 14 and g?
7
Let y = -574 + 374. Let j be y/(-9) - 4/18. What is the highest common divisor of 176 and j?
22
Let t be (-6 - -4) + 1 + 1. Suppose 0 = 4*d - t*d - 52. Calculate the highest common factor of 104 and d.
13
Suppose -m + 28 = 3*m. Let s(v) = 5*v - 27. Let c(p) = 3*p - 14. Let l(j) = m*c(j) - 4*s(j). Let x be l(0). What is the highest common divisor of x and 25?
5
Let m = 163 + 9. Let o = m + -97. What is the highest common factor of 30 and o?
15
Let p be ((-18)/12)/((-1)/2). Let o be (-119)/(-21) + 1/p. Calculate the highest common divisor of o and 9.
3
Suppose -5*w + 248 = -82. Let u(j) = j**2 - 13*j - 24. Let p be u(-2). Calculate the highest common divisor of w and p.
6
Let q be (-4)/12*(-145 + -2). Let y be 308/q + 4/(-14). What is the highest common divisor of 30 and y?
6
Let s = -6 - -14. Let u(a) be the third derivative of -a**4/24 + 4*a**2. Let k be u(-4). Calculate the highest common divisor of s and k.
4
Suppose f = -2*f + 231. Let s = 55 - 48. Calculate the highest common divisor of f and s.
7
Let s(d) = 7*d + 9. Let o be s(9). Calculate the highest common factor of 9 and o.
9
Let k be (-3 + 5)/6*-15. Let j = -3 - k. Suppose -j*n - q = 4*q - 147, -3*n + 252 = -3*q. What is the highest common factor of 9 and n?
9
Let f(u) = 5*u**2 + 3*u - 2. Let d be f(2). Suppose 0 = -3*n + 42 + d. Suppose n = 2*x - 0*x. What is the greatest common divisor of x and 11?
11
Let h(n) = 2*n**2 + 26*n + 11. Let b be h(-14). Calculate the highest common divisor of b and 52.
13
Let h = -6 - -15. Suppose h*p - 4*a = 4*p + 4, a + 8 = 3*p. Suppose 0 = -4*b - 5*n + 37, 0 = 3*n - 3 - 0. What is the highest common factor of p and b?
4
Let m = -13 + 21. Let x = m - -3. What is the highest common divisor of x and 44?
11
Let h = 17 + -12. Calculate the highest common divisor of h and 1.
1
Let f be (-1390)/(-22) + (-2)/11. What is the greatest common factor of f and 7?
7
Suppose o + o - 3*y + 170 = 0, -o = -4*y + 90. Let h be 4/(-8) + o/(-4). What is the greatest common divisor of h and 5?
5
Suppose p = 3*p + 82. Let w = 66 + p. Suppose -4*a + 50 = a. What is the highest common divisor of w and a?
5
Let u = 41 + -20. Let b be (-2)/4 + u/2. Let d = -1 + b. What is the greatest common divisor of 6 and d?
3
Let w = -14 + 10. Let g(s) = 6*s**2 + 2 - s + 2*s**2 - 4*s**2 - 2*s**2. Let q be g(w). Calculate the greatest common divisor of q and 57.
19
Let h(r) = r**3 - 4*r**2 - 3*r + 2. Let i be h(6). Suppose -5*v - 16 = -i. Calculate the greatest common factor of v and 40.
8
Suppose 4*h = -3*k + 188, 6*k - 2*k - 253 = -3*h. What is the highest common factor of k and 8?
8
Suppose 37*t = 41*t - 56. Calculate the highest common divisor of t and 35.
7
Let k be (16/(-12))/(2/15). Let q(c) = c**2 + 3*c + 2. Let w be q(k). Calculate the highest common divisor of w and 9.
9
Suppose z + 55 = 6*m - 2*m, 4*m - 2*z - 54 = 0. Let h = 147 - m. Calculate the highest common factor of h and 19.
19
Let l(k) be the third derivative of -k**6/120 + 7*k**5/60 + 3*k**4/8 + k**3/6 - 4*k**2. Let y be l(8). Calculate the highest common factor of y and 9.
9
Suppose -2*b - 128 = -6*b. Suppose 0 = 3*z